{"id":2348,"date":"2016-04-25T09:06:12","date_gmt":"2016-04-25T07:06:12","guid":{"rendered":"http:\/\/ogv-wurmberg.de\/cms\/?page_id=2348"},"modified":"2019-03-31T09:58:36","modified_gmt":"2019-03-31T07:58:36","slug":"wildkraeuter-rezepte","status":"publish","type":"page","link":"https:\/\/ogv-wurmberg.de\/cms\/wildkraeuter-rezepte\/","title":{"rendered":"&#8211; Wildkr\u00e4uter-Rezepte"},"content":{"rendered":"<hr \/>\n<p>Wildk\u00e4uter sind vor allem im Fr\u00fchling von Interesse. Dies hat verschiedene Gr\u00fcnde. Wildkr\u00e4uter k\u00f6nnen im Fr\u00fchjahr eher als die \u00fcblichen K\u00fcchenkr\u00e4uter und Fr\u00fchlingssalate geerntet werden, weil sie fr\u00fcher austreiben. Au\u00dferdem sind ihre Bl\u00e4tter dann noch zart. Im Sommer ist dies nicht mehr der Fall und es gibt dann auch im Garten gen\u00fcgend Alternativen in Form von ges\u00e4ten K\u00fcchenkr\u00e4utern und Salaten. Von den essbaren Wildkr\u00e4utern sind vor allem folgende zu nennen:\u00a0Schafgarbe, Brunnenkresse, Scharbockskraut, Giersch, Gundermann, Huflattich, Knoblauchrauke, Wiesenkerbel, L\u00f6wenzahn, Vogelmiere, Sauerampfer, Hirtent\u00e4schelkraut, behaartes Schaumkraut, wei\u00dfe Taubnessel, Frauenmantel, B\u00e4rlauch. Hier sind 3 ausgew\u00e4hlte Rezepte:<\/p>\n<hr \/>\n<h3 class=\"western\"><strong>Fr\u00fchlingswiesensalat mit B\u00e4rlauchcreme und K\u00fcbiskerntapenade<\/strong><\/h3>\n<p><strong><a href=\"http:\/\/ogv-wurmberg.de\/cms\/wp-content\/uploads\/2016\/04\/rezfruehlingswiese.jpg\"><img loading=\"lazy\" decoding=\"async\" class=\"alignright size-medium wp-image-2334\" src=\"http:\/\/ogv-wurmberg.de\/cms\/wp-content\/uploads\/2016\/04\/rezfruehlingswiese-300x206.jpg\" alt=\"rezfruehlingswiese\" width=\"300\" height=\"206\" srcset=\"https:\/\/ogv-wurmberg.de\/cms\/wp-content\/uploads\/2016\/04\/rezfruehlingswiese-300x206.jpg 300w, https:\/\/ogv-wurmberg.de\/cms\/wp-content\/uploads\/2016\/04\/rezfruehlingswiese-768x527.jpg 768w, https:\/\/ogv-wurmberg.de\/cms\/wp-content\/uploads\/2016\/04\/rezfruehlingswiese-1024x703.jpg 1024w, https:\/\/ogv-wurmberg.de\/cms\/wp-content\/uploads\/2016\/04\/rezfruehlingswiese.jpg 2010w\" sizes=\"auto, (max-width: 300px) 100vw, 300px\" \/><\/a>Beschreibung:<\/strong> Dauer ca. 35 min, geniales Rezept<\/p>\n<p><strong>Zutaten:<\/strong> Wildkr\u00e4uter (s.o.), Bl\u00fcten (z.B. von Veilchen, G\u00e4nsebl\u00fcmchen und L\u00f6wenzahn), runde Schwarzbrotscheiben; <em>f\u00fcr die Salatso\u00dfe:<\/em> 6 EL Essig, 6 EL Orangensaft , ca. 2 EL Honig, 2 TL Senf, Salz, Pfeffer, 2 EL \u00d6l; <em>f\u00fcr die B\u00e4rlauchcreme:<\/em> 1 Bund B\u00e4rlauch, 300 g Creme fraiche, Salz, Pfeffer; <em>f\u00fcr die K\u00fcrbiskerntapenade:<\/em> ca. 50 g K\u00fcrbiskerne, K\u00fcrbiskern\u00f6l, Salz, Pfeffer.<\/p>\n<p><strong>Zubereitung:<\/strong> Kr\u00e4uter waschen und auf einem Tuch antrocknen lassen. Bl\u00fcten nicht waschen. <em>F\u00fcr die Salatso\u00dfe<\/em> Essig mit Orangensaft, Senf, Salz und Pfeffer verr\u00fchren. Mit Honig abschmecken. Erst danach \u00d6l einr\u00fchren. Je bitterer die Kr\u00e4uter sind, desto s\u00fc\u00dfer sollte die Salatso\u00dfe sein. <em>F\u00fcr die B\u00e4rlauchcreme<\/em> B\u00e4rlauch waschen, Stiele abschneiden, Rest m\u00f6glichst klein schneiden. In etwas hei\u00dfem \u00d6l anschwitzen. Dabei salzen und pfeffern. Mit einem Handmixer p\u00fcrieren, Creme fraiche zugeben und nachw\u00fcrzen. Noch einmal gut mixen. In einen Spritzbeutel f\u00fcllen. <em>F\u00fcr die K\u00fcrbiskerntapenade<\/em> K\u00fcrbiskerne kurz trocken bei mittlerer Hitze anr\u00f6sten. Im Blitzhacker zerkleinern. \u00d6l zugeben und weiter mixen, bis eine s\u00e4mige Masse entsteht. Kr\u00e4ftig salzen und pfeffern.<\/p>\n<p><em>Serviervorschlag:<\/em> Kr\u00e4uter behutsam mit der Vinaigrette mischen (nicht die Bl\u00fcten!), abtropfen lassen und nebeneinander wie auf einer Wiese anrichten. Dabei mit den langen Bl\u00e4ttern anfangen, die k\u00fcrzeren dar\u00fcber legen. Die Bl\u00fcten trocken dazwischen arrangieren. Schwarzbrottaler kurz anr\u00f6sten. Mit dem Spritzbeutel einen B\u00e4rlauchcremestrich \u00fcber die untere Basis der arrangierten Kr\u00e4uter ziehen. Jeweils halbe Schwarzbrottaler unter die Kr\u00e4uter platzieren und mit Tapenade belegen oder die Tapenade unter die Creme fraiche spritzen.<\/p>\n<hr \/>\n<h3><strong>Perlgraupen-Risotto mit Wildkr\u00e4utern<\/strong><\/h3>\n<p><strong>Beschreibung:<\/strong> Dauer ca. 35 min. Statt der Graupen ist auch die Verwendung von\u00a0 Rundkornreis m\u00f6glich. Risotto-Reste lassen sich ohne Qualit\u00e4tsverlust einfrieren.<a href=\"http:\/\/ogv-wurmberg.de\/cms\/wp-content\/uploads\/2016\/04\/rezrisotto.jpg\" rel=\"attachment wp-att-2440\"><img loading=\"lazy\" decoding=\"async\" class=\"size-medium wp-image-2440 alignleft\" src=\"http:\/\/ogv-wurmberg.de\/cms\/wp-content\/uploads\/2016\/04\/rezrisotto-300x242.jpg\" alt=\"rezrisotto\" width=\"300\" height=\"242\" srcset=\"https:\/\/ogv-wurmberg.de\/cms\/wp-content\/uploads\/2016\/04\/rezrisotto-300x242.jpg 300w, https:\/\/ogv-wurmberg.de\/cms\/wp-content\/uploads\/2016\/04\/rezrisotto-768x618.jpg 768w, https:\/\/ogv-wurmberg.de\/cms\/wp-content\/uploads\/2016\/04\/rezrisotto-1024x825.jpg 1024w, https:\/\/ogv-wurmberg.de\/cms\/wp-content\/uploads\/2016\/04\/rezrisotto.jpg 1089w\" sizes=\"auto, (max-width: 300px) 100vw, 300px\" \/><\/a> Man darf dann allerdings am Schluss keinen geriebenen Grana zugeben, da das Risotto sonst z\u00e4h wird. Reste lassen sich auch sehr gut mehrere Tage k\u00fchl aufbewahren. Man kann sie dann wie \u00fcblich servieren oder auch zu K\u00fcchlein formen und in Butter ausbacken.<\/p>\n<p><strong>Zutaten:<\/strong>\u00a0\u00a0125 g Perlgraupen, 1 Schalotte, 1 Knoblauchzehe, Oliven\u00f6l, 60 ml Wei\u00dfwein, ca. 200 ml Br\u00fche (aus Gefl\u00fcgel, Rind, Kalb, je nach Beilage), 20 g Grana oder Parmesan, 10 g Butter (oder Alba\u00f6l), 60 g gemischte Wildkr\u00e4uter (oder nur B\u00e4rlauch), Bl\u00fcten von Fr\u00fchlingsblumen<\/p>\n<p><strong>Zubereitung:<\/strong> Wildkr\u00e4uter (oder B\u00e4rlauch) klein schneiden und in einem Standmixer so klein wie m\u00f6glich hacken. Schalotte und Knoblauch m\u00f6glichst klein w\u00fcrfeln und in 1-2 EL Oliven\u00f6l gut anschwitzen. Perlgraupen zugeben, glasig and\u00fcnsten und leicht salzen. Mit dem Wein abl\u00f6schen und die Fl\u00fcssigkeit reduzieren. Unter gelegentlichem R\u00fchren nach und nach die hei\u00dfe Br\u00fche zugie\u00dfen und alles einkochen lassen (insgesamt ca. 35 min). Immer wieder umr\u00fchren. Wenn der Fond verbraucht ist, gie\u00dft man hei\u00dfes Wasser nach.\u00a0 Am Ende sollen die Graupen gerade noch etwas Biss haben. Dann nacheinander die p\u00fcrierten Kr\u00e4uter, die Butter und den K\u00e4se zugeben und unterr\u00fchren. Vor dem Servieren mit Salz und Pfeffer nachw\u00fcrzen. In Teller f\u00fcllen und mit Bl\u00fcten (z.B. G\u00e4nsebl\u00fcmchen, Duftveilchen, Hornveilchen) dekorieren.<\/p>\n<hr \/>\n<h3 class=\"western\"><strong>Sauerampferschaumsuppe<\/strong><\/h3>\n<p><b><a href=\"http:\/\/ogv-wurmberg.de\/cms\/wp-content\/uploads\/2016\/04\/rezsauerampfer-1.jpg\"><img loading=\"lazy\" decoding=\"async\" class=\"size-medium wp-image-2522 alignright\" src=\"http:\/\/ogv-wurmberg.de\/cms\/wp-content\/uploads\/2016\/04\/rezsauerampfer-1-300x260.jpg\" alt=\"rezsauerampfer\" width=\"300\" height=\"260\" srcset=\"https:\/\/ogv-wurmberg.de\/cms\/wp-content\/uploads\/2016\/04\/rezsauerampfer-1-300x260.jpg 300w, https:\/\/ogv-wurmberg.de\/cms\/wp-content\/uploads\/2016\/04\/rezsauerampfer-1-768x665.jpg 768w, https:\/\/ogv-wurmberg.de\/cms\/wp-content\/uploads\/2016\/04\/rezsauerampfer-1.jpg 775w\" sizes=\"auto, (max-width: 300px) 100vw, 300px\" \/><\/a>Beschreibung:<\/b> Dauer ca. 20 min, einfach<\/p>\n<p><b>Zutaten:<\/b> 50 g Butter, 600 ml Rinderbr\u00fche, 100 ml Sahne, 100 ml Creme fraiche, 100 g Sauerampfer, Salz, Pfeffer, f\u00fcr die Dekoration 1 TL Creme fraiche, K\u00fcrbiskern\u00f6l, Bl\u00fcten<\/p>\n<p><b>Zubereitung:<\/b> Sauerampfer waschen. Butter zerlassen. Nach und nach Br\u00fche und Sahne zugeben und aufkochen. Sauerampfer und Creme fraiche in einen Standmixer geben und anmixen, mit dem Sahnesud auff\u00fcllen und gr\u00fcndlich p\u00fcrieren. Alles in einen Topf umf\u00fcllen und erhitzen. Mit Salz und Pfeffer abschmecken.\u00a0Sauerampfer verliert beim Kochen schnell die gr\u00fcne Farbe und darf daher nur kurz aufgekocht werden. Vor dem Servieren mit dem Handmixer aufsch\u00e4umen. Zur Dekoration geben wir 1 TL Creme fraiche, ein paar Tropfen K\u00fcrbiskern\u00f6l und Bl\u00fcten dazu.<\/p>\n<hr \/>\n<p><a href=\"http:\/\/ogv-wurmberg.de\/cms\/gemueserezepte\/\">zur\u00fcck!<\/a><\/p>\n","protected":false},"excerpt":{"rendered":"<p>Wildk\u00e4uter sind vor allem im Fr\u00fchling von Interesse. Dies hat verschiedene Gr\u00fcnde. Wildkr\u00e4uter k\u00f6nnen im Fr\u00fchjahr eher als die \u00fcblichen K\u00fcchenkr\u00e4uter und Fr\u00fchlingssalate geerntet werden, weil sie fr\u00fcher austreiben. Au\u00dferdem sind ihre Bl\u00e4tter dann noch zart. Im Sommer ist dies nicht mehr der Fall und es gibt dann auch im Garten gen\u00fcgend Alternativen in Form [&hellip;]<\/p>\n","protected":false},"author":2,"featured_media":0,"parent":0,"menu_order":0,"comment_status":"closed","ping_status":"closed","template":"","meta":{"footnotes":""},"class_list":["post-2348","page","type-page","status-publish","hentry"],"_links":{"self":[{"href":"https:\/\/ogv-wurmberg.de\/cms\/wp-json\/wp\/v2\/pages\/2348","targetHints":{"allow":["GET"]}}],"collection":[{"href":"https:\/\/ogv-wurmberg.de\/cms\/wp-json\/wp\/v2\/pages"}],"about":[{"href":"https:\/\/ogv-wurmberg.de\/cms\/wp-json\/wp\/v2\/types\/page"}],"author":[{"embeddable":true,"href":"https:\/\/ogv-wurmberg.de\/cms\/wp-json\/wp\/v2\/users\/2"}],"replies":[{"embeddable":true,"href":"https:\/\/ogv-wurmberg.de\/cms\/wp-json\/wp\/v2\/comments?post=2348"}],"version-history":[{"count":45,"href":"https:\/\/ogv-wurmberg.de\/cms\/wp-json\/wp\/v2\/pages\/2348\/revisions"}],"predecessor-version":[{"id":7546,"href":"https:\/\/ogv-wurmberg.de\/cms\/wp-json\/wp\/v2\/pages\/2348\/revisions\/7546"}],"wp:attachment":[{"href":"https:\/\/ogv-wurmberg.de\/cms\/wp-json\/wp\/v2\/media?parent=2348"}],"curies":[{"name":"wp","href":"https:\/\/api.w.org\/{rel}","templated":true}]}}