{"id":5803,"date":"2018-03-22T15:56:32","date_gmt":"2018-03-22T14:56:32","guid":{"rendered":"http:\/\/ogv-wurmberg.de\/cms\/?page_id=5803"},"modified":"2019-01-01T18:08:10","modified_gmt":"2019-01-01T17:08:10","slug":"himbeerrezepte","status":"publish","type":"page","link":"https:\/\/ogv-wurmberg.de\/cms\/himbeerrezepte\/","title":{"rendered":"&#8211; Himbeerrezepte"},"content":{"rendered":"<hr \/>\n<p>Wenngleich Erdbeeren noch immer die beliebtesten Beerenfr\u00fcchte in Deutschland sind, zieht mancher Genie\u00dfer Himbeeren wegen ihres einzigartigen Geschmacks vor. Denn ihr Aroma ist einfach unverwechselbar: fein s\u00fc\u00df und vollmundig fruchtig. Sie eignen sich wunderbar f\u00fcr Desserts, Torten und als beigabe zu Salaten. Die Bl\u00e4tter lassen sich als Tee zubereiten (z.B. mit etwas Holunderbl\u00fctensirup).<\/p>\n<hr \/>\n<h3 class=\"western\"><strong>Gr\u00fcner Salat mit Himbeeren und Ziegenk\u00e4se<\/strong><\/h3>\n<p><b>Beschreibung: <\/b> Dauer 15 min, einfach<\/p>\n<p><b>Zutaten:<\/b> 250 g Himbeeren, 200 g gemischte Blattsalate, 1 Bund Basilikum, 3 EL Pinienkerne (oder andere N\u00fcsse), 150 g Ziegenfrischk\u00e4se; f\u00fcr die Salatso\u00dfe Salz, Pfeffer, 2 TL Zucker, 1 TL Senf, 2 EL milder Essig, 50 ml Raps\u00f6l<\/p>\n<p><b>Zubereitung:<\/b> Pinienkerne trocken anr\u00f6sten. Himbeeren ungewaschen verlesen. 100 g davon p\u00fcrieren und mit Salz, Pfeffer, Zucker, Senf, Essig und \u00d6l zu einer Salatso\u00dfe verr\u00fchren. Salat und Basilikum waschen und antrocknen lassen. Himbeeren, Salate und Basilikumbl\u00e4tter auf Teller verteilen. Salatso\u00dfe und die W\u00fcrfel vom Ziegenk\u00e4se dar\u00fcber geben. Mit den Pinienkernen bestreuen.<\/p>\n<hr \/>\n<h3><strong>Himbeer-Parfait<\/strong><\/h3>\n<p><b>Beschreibung: <\/b> Dauer 25 min + ca. 3 h Gefrierzeit, einfach<\/p>\n<p><b>Zutaten:<\/b> 250 g Himbeeren, 35 g Zucker, 35 g Honig, 300 ml Sahne, 10 ml Orangen-Lik\u00f6r, Zitronensaft<\/p>\n<p><b>Zubereitung:<\/b> Himbeeren mit dem Zucker erw\u00e4rmen und dabei r\u00fchren, bis der Zucker sich gel\u00f6st hat. Durch ein Sieb passieren, damit die K\u00f6rner zur\u00fcck bleiben. Das Fr\u00fcchtemark mit ein paar Spritzern Zitronensaft und dem Lik\u00f6r w\u00fcrzen. Sahne schlagen und unterziehen. In eine oder mehrere beliebige Formen f\u00fcllen und mindestens 3 Stunden gefrieren lassen. Form vor dem Servieren in hei\u00dfes Wasser tauchen, dann st\u00fcrzen, gegebenenfalls in Portionen teilen und 15 &#8211; 30 min auf den Tellern antauen lassen.<\/p>\n<hr \/>\n<p><a href=\"http:\/\/ogv-wurmberg.de\/cms\/himbeeren\/\">zur\u00fcck!<\/a><\/p>\n<hr \/>\n<p>&nbsp;<\/p>\n","protected":false},"excerpt":{"rendered":"<p>Wenngleich Erdbeeren noch immer die beliebtesten Beerenfr\u00fcchte in Deutschland sind, zieht mancher Genie\u00dfer Himbeeren wegen ihres einzigartigen Geschmacks vor. Denn ihr Aroma ist einfach unverwechselbar: fein s\u00fc\u00df und vollmundig fruchtig. Sie eignen sich wunderbar f\u00fcr Desserts, Torten und als beigabe zu Salaten. Die Bl\u00e4tter lassen sich als Tee zubereiten (z.B. mit etwas Holunderbl\u00fctensirup). Gr\u00fcner Salat [&hellip;]<\/p>\n","protected":false},"author":2,"featured_media":0,"parent":0,"menu_order":0,"comment_status":"closed","ping_status":"closed","template":"","meta":{"footnotes":""},"class_list":["post-5803","page","type-page","status-publish","hentry"],"_links":{"self":[{"href":"https:\/\/ogv-wurmberg.de\/cms\/wp-json\/wp\/v2\/pages\/5803","targetHints":{"allow":["GET"]}}],"collection":[{"href":"https:\/\/ogv-wurmberg.de\/cms\/wp-json\/wp\/v2\/pages"}],"about":[{"href":"https:\/\/ogv-wurmberg.de\/cms\/wp-json\/wp\/v2\/types\/page"}],"author":[{"embeddable":true,"href":"https:\/\/ogv-wurmberg.de\/cms\/wp-json\/wp\/v2\/users\/2"}],"replies":[{"embeddable":true,"href":"https:\/\/ogv-wurmberg.de\/cms\/wp-json\/wp\/v2\/comments?post=5803"}],"version-history":[{"count":19,"href":"https:\/\/ogv-wurmberg.de\/cms\/wp-json\/wp\/v2\/pages\/5803\/revisions"}],"predecessor-version":[{"id":6915,"href":"https:\/\/ogv-wurmberg.de\/cms\/wp-json\/wp\/v2\/pages\/5803\/revisions\/6915"}],"wp:attachment":[{"href":"https:\/\/ogv-wurmberg.de\/cms\/wp-json\/wp\/v2\/media?parent=5803"}],"curies":[{"name":"wp","href":"https:\/\/api.w.org\/{rel}","templated":true}]}}