{"id":7737,"date":"2019-07-14T16:43:46","date_gmt":"2019-07-14T14:43:46","guid":{"rendered":"https:\/\/ogv-wurmberg.de\/cms\/?page_id=7737"},"modified":"2019-09-08T22:11:07","modified_gmt":"2019-09-08T20:11:07","slug":"kernobst","status":"publish","type":"page","link":"https:\/\/ogv-wurmberg.de\/cms\/kernobst\/","title":{"rendered":"Kernobst"},"content":{"rendered":"<p>Beim Kernobst handelt es sich um Baumfr\u00fcchte, deren Fleisch ein Geh\u00e4use mit Kernen enth\u00e4lt. Dazu geh\u00f6ren unter anderem \u00c4pfel, Birnen, Quitten und Nashi. Steinobstb\u00e4ume sind Fremdbefruchter, d.h. sie brauchen mindestens einen zweiten Baum derselben Art, um Fr\u00fcchte anzusetzen. Zus\u00e4tzlich m\u00fcssen die Bl\u00fcten durch Bienen und Hummeln befruchtet werden, um ausreichende Ernten zu erzielen. Weil Obstb\u00e4ume Fremdbefruchter sind, w\u00e4chst aus jedem Samen immer eine neue Sorte mit unbekannten Eigenschaften. Dies ist bei der Zucht aber nicht erw\u00fcnscht. Um die Eigenschaften des elterlichen Baumes zu erhalten, m\u00fcssen sie veredelt werden.<\/p>\n<p><strong>F\u00fcr Details zum Anbau die entsprechenden Fotos anklicken!<\/strong><\/p>\n<div id='gallery-2' class='gallery galleryid-7737 gallery-columns-4 gallery-size-thumbnail'><dl class='gallery-item'>\n\t\t\t<dt class='gallery-icon portrait'>\n\t\t\t\t<a href=\"https:\/\/ogv-wurmberg.de\/cms\/aepfel\/\" class=\"no-lightbox\"><img loading=\"lazy\" decoding=\"async\" width=\"150\" height=\"150\" src=\"https:\/\/ogv-wurmberg.de\/cms\/wp-content\/uploads\/2019\/09\/apfelquad2-150x150.jpg\" class=\"attachment-thumbnail size-thumbnail\" alt=\"\" aria-describedby=\"gallery-2-8284\" srcset=\"https:\/\/ogv-wurmberg.de\/cms\/wp-content\/uploads\/2019\/09\/apfelquad2-150x150.jpg 150w, https:\/\/ogv-wurmberg.de\/cms\/wp-content\/uploads\/2019\/09\/apfelquad2-300x300.jpg 300w, https:\/\/ogv-wurmberg.de\/cms\/wp-content\/uploads\/2019\/09\/apfelquad2-768x769.jpg 768w, https:\/\/ogv-wurmberg.de\/cms\/wp-content\/uploads\/2019\/09\/apfelquad2.jpg 871w\" sizes=\"auto, (max-width: 150px) 100vw, 150px\" \/><\/a>\n\t\t\t<\/dt>\n\t\t\t\t<dd class='wp-caption-text gallery-caption' id='gallery-2-8284'>\n\t\t\t\t\u00c4pfel\n\t\t\t\t<\/dd><\/dl><dl class='gallery-item'>\n\t\t\t<dt class='gallery-icon landscape'>\n\t\t\t\t<a href=\"https:\/\/ogv-wurmberg.de\/cms\/birnen\/\" class=\"no-lightbox\"><img loading=\"lazy\" decoding=\"async\" width=\"150\" height=\"150\" src=\"https:\/\/ogv-wurmberg.de\/cms\/wp-content\/uploads\/2019\/09\/birnenquad-150x150.jpg\" class=\"attachment-thumbnail size-thumbnail\" alt=\"\" aria-describedby=\"gallery-2-8295\" srcset=\"https:\/\/ogv-wurmberg.de\/cms\/wp-content\/uploads\/2019\/09\/birnenquad-150x150.jpg 150w, https:\/\/ogv-wurmberg.de\/cms\/wp-content\/uploads\/2019\/09\/birnenquad-300x300.jpg 300w, https:\/\/ogv-wurmberg.de\/cms\/wp-content\/uploads\/2019\/09\/birnenquad-768x768.jpg 768w, https:\/\/ogv-wurmberg.de\/cms\/wp-content\/uploads\/2019\/09\/birnenquad.jpg 959w\" sizes=\"auto, (max-width: 150px) 100vw, 150px\" \/><\/a>\n\t\t\t<\/dt>\n\t\t\t\t<dd class='wp-caption-text gallery-caption' id='gallery-2-8295'>\n\t\t\t\tBirnen\n\t\t\t\t<\/dd><\/dl><dl class='gallery-item'>\n\t\t\t<dt class='gallery-icon landscape'>\n\t\t\t\t<a href=\"https:\/\/ogv-wurmberg.de\/cms\/quitten\/\" class=\"no-lightbox\"><img loading=\"lazy\" decoding=\"async\" width=\"150\" height=\"150\" src=\"https:\/\/ogv-wurmberg.de\/cms\/wp-content\/uploads\/2019\/09\/quittenquad-150x150.jpg\" class=\"attachment-thumbnail size-thumbnail\" alt=\"\" aria-describedby=\"gallery-2-8296\" srcset=\"https:\/\/ogv-wurmberg.de\/cms\/wp-content\/uploads\/2019\/09\/quittenquad-150x150.jpg 150w, https:\/\/ogv-wurmberg.de\/cms\/wp-content\/uploads\/2019\/09\/quittenquad-300x300.jpg 300w, https:\/\/ogv-wurmberg.de\/cms\/wp-content\/uploads\/2019\/09\/quittenquad-768x768.jpg 768w, https:\/\/ogv-wurmberg.de\/cms\/wp-content\/uploads\/2019\/09\/quittenquad-1024x1024.jpg 1024w, https:\/\/ogv-wurmberg.de\/cms\/wp-content\/uploads\/2019\/09\/quittenquad.jpg 1535w\" sizes=\"auto, (max-width: 150px) 100vw, 150px\" \/><\/a>\n\t\t\t<\/dt>\n\t\t\t\t<dd class='wp-caption-text gallery-caption' id='gallery-2-8296'>\n\t\t\t\tQuitten\n\t\t\t\t<\/dd><\/dl><dl class='gallery-item'>\n\t\t\t<dt class='gallery-icon portrait'>\n\t\t\t\t<a href=\"https:\/\/ogv-wurmberg.de\/cms\/nashi\/\" class=\"no-lightbox\"><img loading=\"lazy\" decoding=\"async\" width=\"150\" height=\"150\" src=\"https:\/\/ogv-wurmberg.de\/cms\/wp-content\/uploads\/2019\/08\/nashi2-150x150.jpg\" class=\"attachment-thumbnail size-thumbnail\" alt=\"\" aria-describedby=\"gallery-2-7955\" srcset=\"https:\/\/ogv-wurmberg.de\/cms\/wp-content\/uploads\/2019\/08\/nashi2-150x150.jpg 150w, https:\/\/ogv-wurmberg.de\/cms\/wp-content\/uploads\/2019\/08\/nashi2-300x300.jpg 300w, https:\/\/ogv-wurmberg.de\/cms\/wp-content\/uploads\/2019\/08\/nashi2-768x769.jpg 768w, https:\/\/ogv-wurmberg.de\/cms\/wp-content\/uploads\/2019\/08\/nashi2-1024x1024.jpg 1024w, https:\/\/ogv-wurmberg.de\/cms\/wp-content\/uploads\/2019\/08\/nashi2.jpg 1129w\" sizes=\"auto, (max-width: 150px) 100vw, 150px\" \/><\/a>\n\t\t\t<\/dt>\n\t\t\t\t<dd class='wp-caption-text gallery-caption' id='gallery-2-7955'>\n\t\t\t\tReife Nashi\n\t\t\t\t<\/dd><\/dl><br style=\"clear: both\" \/>\n\t\t<\/div>\n\n","protected":false},"excerpt":{"rendered":"<p>Beim Kernobst handelt es sich um Baumfr\u00fcchte, deren Fleisch ein Geh\u00e4use mit Kernen enth\u00e4lt. Dazu geh\u00f6ren unter anderem \u00c4pfel, Birnen, Quitten und Nashi. Steinobstb\u00e4ume sind Fremdbefruchter, d.h. sie brauchen mindestens einen zweiten Baum derselben Art, um Fr\u00fcchte anzusetzen. Zus\u00e4tzlich m\u00fcssen die Bl\u00fcten durch Bienen und Hummeln befruchtet werden, um ausreichende Ernten zu erzielen. Weil Obstb\u00e4ume [&hellip;]<\/p>\n","protected":false},"author":2,"featured_media":0,"parent":0,"menu_order":0,"comment_status":"closed","ping_status":"closed","template":"","meta":{"footnotes":""},"class_list":["post-7737","page","type-page","status-publish","hentry"],"_links":{"self":[{"href":"https:\/\/ogv-wurmberg.de\/cms\/wp-json\/wp\/v2\/pages\/7737","targetHints":{"allow":["GET"]}}],"collection":[{"href":"https:\/\/ogv-wurmberg.de\/cms\/wp-json\/wp\/v2\/pages"}],"about":[{"href":"https:\/\/ogv-wurmberg.de\/cms\/wp-json\/wp\/v2\/types\/page"}],"author":[{"embeddable":true,"href":"https:\/\/ogv-wurmberg.de\/cms\/wp-json\/wp\/v2\/users\/2"}],"replies":[{"embeddable":true,"href":"https:\/\/ogv-wurmberg.de\/cms\/wp-json\/wp\/v2\/comments?post=7737"}],"version-history":[{"count":34,"href":"https:\/\/ogv-wurmberg.de\/cms\/wp-json\/wp\/v2\/pages\/7737\/revisions"}],"predecessor-version":[{"id":8306,"href":"https:\/\/ogv-wurmberg.de\/cms\/wp-json\/wp\/v2\/pages\/7737\/revisions\/8306"}],"wp:attachment":[{"href":"https:\/\/ogv-wurmberg.de\/cms\/wp-json\/wp\/v2\/media?parent=7737"}],"curies":[{"name":"wp","href":"https:\/\/api.w.org\/{rel}","templated":true}]}}

<p>Beim Kernobst handelt es sich um Baumfrüchte, deren Fleisch ein Gehäuse mit Kernen enthält. Dazu gehören unter anderem Äpfel, Birnen, Quitten und Nashi. Steinobstbäume sind Fremdbefruchter, d.h. sie brauchen mindestens einen zweiten Baum derselben Art, um Früchte anzusetzen. Zusätzlich müssen die Blüten durch Bienen und Hummeln befruchtet werden, um ausreichende Ernten zu erzielen. Weil Obstbäume Fremdbefruchter sind, wächst aus jedem Samen immer eine neue Sorte mit unbekannten Eigenschaften. Dies ist bei der Zucht aber nicht erwünscht. Um die Eigenschaften des elterlichen Baumes zu erhalten, müssen sie veredelt werden.</p>
<p><strong>Für Details zum Anbau die entsprechenden Fotos anklicken!</strong></p>
<div id='gallery-2' class='gallery galleryid-7737 gallery-columns-4 gallery-size-thumbnail'><dl class='gallery-item'>
			<dt class='gallery-icon portrait'>
				<a href="https://ogv-wurmberg.de/cms/aepfel/" class="no-lightbox"><img loading="lazy" decoding="async" width="150" height="150" src="https://ogv-wurmberg.de/cms/wp-content/uploads/2019/09/apfelquad2-150x150.jpg" class="attachment-thumbnail size-thumbnail" alt="" aria-describedby="gallery-2-8284" srcset="https://ogv-wurmberg.de/cms/wp-content/uploads/2019/09/apfelquad2-150x150.jpg 150w, https://ogv-wurmberg.de/cms/wp-content/uploads/2019/09/apfelquad2-300x300.jpg 300w, https://ogv-wurmberg.de/cms/wp-content/uploads/2019/09/apfelquad2-768x769.jpg 768w, https://ogv-wurmberg.de/cms/wp-content/uploads/2019/09/apfelquad2.jpg 871w" sizes="auto, (max-width: 150px) 100vw, 150px" /></a>
			</dt>
				<dd class='wp-caption-text gallery-caption' id='gallery-2-8284'>
				Äpfel
				</dd></dl><dl class='gallery-item'>
			<dt class='gallery-icon landscape'>
				<a href="https://ogv-wurmberg.de/cms/birnen/" class="no-lightbox"><img loading="lazy" decoding="async" width="150" height="150" src="https://ogv-wurmberg.de/cms/wp-content/uploads/2019/09/birnenquad-150x150.jpg" class="attachment-thumbnail size-thumbnail" alt="" aria-describedby="gallery-2-8295" srcset="https://ogv-wurmberg.de/cms/wp-content/uploads/2019/09/birnenquad-150x150.jpg 150w, https://ogv-wurmberg.de/cms/wp-content/uploads/2019/09/birnenquad-300x300.jpg 300w, https://ogv-wurmberg.de/cms/wp-content/uploads/2019/09/birnenquad-768x768.jpg 768w, https://ogv-wurmberg.de/cms/wp-content/uploads/2019/09/birnenquad.jpg 959w" sizes="auto, (max-width: 150px) 100vw, 150px" /></a>
			</dt>
				<dd class='wp-caption-text gallery-caption' id='gallery-2-8295'>
				Birnen
				</dd></dl><dl class='gallery-item'>
			<dt class='gallery-icon landscape'>
				<a href="https://ogv-wurmberg.de/cms/quitten/" class="no-lightbox"><img loading="lazy" decoding="async" width="150" height="150" src="https://ogv-wurmberg.de/cms/wp-content/uploads/2019/09/quittenquad-150x150.jpg" class="attachment-thumbnail size-thumbnail" alt="" aria-describedby="gallery-2-8296" srcset="https://ogv-wurmberg.de/cms/wp-content/uploads/2019/09/quittenquad-150x150.jpg 150w, https://ogv-wurmberg.de/cms/wp-content/uploads/2019/09/quittenquad-300x300.jpg 300w, https://ogv-wurmberg.de/cms/wp-content/uploads/2019/09/quittenquad-768x768.jpg 768w, https://ogv-wurmberg.de/cms/wp-content/uploads/2019/09/quittenquad-1024x1024.jpg 1024w, https://ogv-wurmberg.de/cms/wp-content/uploads/2019/09/quittenquad.jpg 1535w" sizes="auto, (max-width: 150px) 100vw, 150px" /></a>
			</dt>
				<dd class='wp-caption-text gallery-caption' id='gallery-2-8296'>
				Quitten
				</dd></dl><dl class='gallery-item'>
			<dt class='gallery-icon portrait'>
				<a href="https://ogv-wurmberg.de/cms/nashi/" class="no-lightbox"><img loading="lazy" decoding="async" width="150" height="150" src="https://ogv-wurmberg.de/cms/wp-content/uploads/2019/08/nashi2-150x150.jpg" class="attachment-thumbnail size-thumbnail" alt="" aria-describedby="gallery-2-7955" srcset="https://ogv-wurmberg.de/cms/wp-content/uploads/2019/08/nashi2-150x150.jpg 150w, https://ogv-wurmberg.de/cms/wp-content/uploads/2019/08/nashi2-300x300.jpg 300w, https://ogv-wurmberg.de/cms/wp-content/uploads/2019/08/nashi2-768x769.jpg 768w, https://ogv-wurmberg.de/cms/wp-content/uploads/2019/08/nashi2-1024x1024.jpg 1024w, https://ogv-wurmberg.de/cms/wp-content/uploads/2019/08/nashi2.jpg 1129w" sizes="auto, (max-width: 150px) 100vw, 150px" /></a>
			</dt>
				<dd class='wp-caption-text gallery-caption' id='gallery-2-7955'>
				Reife Nashi
				</dd></dl><br style="clear: both" />
		</div>

<p>Beim Kernobst handelt es sich um Baumfrüchte, deren Fleisch ein Gehäuse mit Kernen enthält. Dazu gehören unter anderem Äpfel, Birnen, Quitten und Nashi. Steinobstbäume sind Fremdbefruchter, d.h. sie brauchen mindestens einen zweiten Baum derselben Art, um Früchte anzusetzen. Zusätzlich müssen die Blüten durch Bienen und Hummeln befruchtet werden, um ausreichende Ernten zu erzielen. Weil Obstbäume [&hellip;]</p>
