{"id":8101,"date":"2019-08-23T10:59:04","date_gmt":"2019-08-23T08:59:04","guid":{"rendered":"https:\/\/ogv-wurmberg.de\/cms\/?page_id=8101"},"modified":"2019-10-18T22:01:33","modified_gmt":"2019-10-18T20:01:33","slug":"steinobst","status":"publish","type":"page","link":"https:\/\/ogv-wurmberg.de\/cms\/steinobst\/","title":{"rendered":"Steinobst"},"content":{"rendered":"\r\n<p>Als Steinobst bezeichnet man Baumfr\u00fcchte, die im Inneren verholzte Steine enthalten, z.B. Kirschen, Zwetschgen, Renekloden, Mirabellen, Aprikosen und Pfirsiche. Im Gegensatz zu Kernobst wie \u00c4pfel oder Birnen kann man unveredelte Steinobstb\u00e4ume auch aus Wurzelausl\u00e4ufern oder S\u00e4mlingen ziehen. Viele Sorten sind au\u00dferdem selbstfruchtbar. Dies reicht aber f\u00fcr einen hohen und sicheren Ertrag nicht aus. Ein pollenspendender Steinobstbaum in der N\u00e4he und Insektenflug durch Wild-, Honigbienen und Hummeln w\u00e4hrend der Bl\u00fctezeit steigern die Ernte ganz erheblich. Pflanzung und Schnitt erfolgen wie bei Kernobstb\u00e4umen (Ausnahme: Pfirsiche). Allerdings vertragen sie starke R\u00fcckschnitte nicht sehr gut. Deshalb schneidet man sie gern im Sommer bei der Ernte. Die Schnittstellen k\u00f6nnen dann bis zum Winter verheilen.<\/p>\r\n\r\n\r\n\r\n<p><strong>F\u00fcr weitere Details zum Anbau die entsprechenden Fotos anklicken!<\/strong><\/p>\r\n\r\n\r\n\r\n<p class=\"wp-block-gallery-1 is-layout-flex wp-block-gallery-is-layout-flex\"><div id='gallery-2' class='gallery galleryid-8101 gallery-columns-5 gallery-size-thumbnail'><dl class='gallery-item'>\n\t\t\t<dt class='gallery-icon landscape'>\n\t\t\t\t<a href=\"https:\/\/ogv-wurmberg.de\/cms\/kirschen\/\" class=\"no-lightbox\"><img loading=\"lazy\" decoding=\"async\" width=\"150\" height=\"150\" src=\"https:\/\/ogv-wurmberg.de\/cms\/wp-content\/uploads\/2019\/08\/kirschenquad-150x150.jpg\" class=\"attachment-thumbnail size-thumbnail\" alt=\"\" aria-describedby=\"gallery-2-8134\" srcset=\"https:\/\/ogv-wurmberg.de\/cms\/wp-content\/uploads\/2019\/08\/kirschenquad-150x150.jpg 150w, https:\/\/ogv-wurmberg.de\/cms\/wp-content\/uploads\/2019\/08\/kirschenquad-300x300.jpg 300w, https:\/\/ogv-wurmberg.de\/cms\/wp-content\/uploads\/2019\/08\/kirschenquad-768x768.jpg 768w, https:\/\/ogv-wurmberg.de\/cms\/wp-content\/uploads\/2019\/08\/kirschenquad-1024x1024.jpg 1024w\" sizes=\"auto, (max-width: 150px) 100vw, 150px\" \/><\/a>\n\t\t\t<\/dt>\n\t\t\t\t<dd class='wp-caption-text gallery-caption' id='gallery-2-8134'>\n\t\t\t\tKirschen\n\t\t\t\t<\/dd><\/dl><dl class='gallery-item'>\n\t\t\t<dt class='gallery-icon landscape'>\n\t\t\t\t<a href=\"https:\/\/ogv-wurmberg.de\/cms\/mirabellen\/\" class=\"no-lightbox\"><img loading=\"lazy\" decoding=\"async\" width=\"150\" height=\"150\" src=\"https:\/\/ogv-wurmberg.de\/cms\/wp-content\/uploads\/2019\/08\/mirabellenquad-150x150.jpg\" class=\"attachment-thumbnail size-thumbnail\" alt=\"\" aria-describedby=\"gallery-2-8119\" srcset=\"https:\/\/ogv-wurmberg.de\/cms\/wp-content\/uploads\/2019\/08\/mirabellenquad-150x150.jpg 150w, https:\/\/ogv-wurmberg.de\/cms\/wp-content\/uploads\/2019\/08\/mirabellenquad-300x300.jpg 300w, https:\/\/ogv-wurmberg.de\/cms\/wp-content\/uploads\/2019\/08\/mirabellenquad-768x768.jpg 768w, https:\/\/ogv-wurmberg.de\/cms\/wp-content\/uploads\/2019\/08\/mirabellenquad-1024x1024.jpg 1024w, https:\/\/ogv-wurmberg.de\/cms\/wp-content\/uploads\/2019\/08\/mirabellenquad.jpg 1788w\" sizes=\"auto, (max-width: 150px) 100vw, 150px\" \/><\/a>\n\t\t\t<\/dt>\n\t\t\t\t<dd class='wp-caption-text gallery-caption' id='gallery-2-8119'>\n\t\t\t\tMirabellen\n\t\t\t\t<\/dd><\/dl><dl class='gallery-item'>\n\t\t\t<dt class='gallery-icon landscape'>\n\t\t\t\t<a href=\"https:\/\/ogv-wurmberg.de\/cms\/renekloden\/\" class=\"no-lightbox\"><img loading=\"lazy\" decoding=\"async\" width=\"150\" height=\"150\" src=\"https:\/\/ogv-wurmberg.de\/cms\/wp-content\/uploads\/2019\/08\/reneclodenquad2-150x150.jpg\" class=\"attachment-thumbnail size-thumbnail\" alt=\"\" aria-describedby=\"gallery-2-8120\" srcset=\"https:\/\/ogv-wurmberg.de\/cms\/wp-content\/uploads\/2019\/08\/reneclodenquad2-150x150.jpg 150w, https:\/\/ogv-wurmberg.de\/cms\/wp-content\/uploads\/2019\/08\/reneclodenquad2-300x300.jpg 300w, https:\/\/ogv-wurmberg.de\/cms\/wp-content\/uploads\/2019\/08\/reneclodenquad2-768x768.jpg 768w, https:\/\/ogv-wurmberg.de\/cms\/wp-content\/uploads\/2019\/08\/reneclodenquad2-1024x1024.jpg 1024w, https:\/\/ogv-wurmberg.de\/cms\/wp-content\/uploads\/2019\/08\/reneclodenquad2.jpg 1508w\" sizes=\"auto, (max-width: 150px) 100vw, 150px\" \/><\/a>\n\t\t\t<\/dt>\n\t\t\t\t<dd class='wp-caption-text gallery-caption' id='gallery-2-8120'>\n\t\t\t\tRenekloden\n\t\t\t\t<\/dd><\/dl><dl class='gallery-item'>\n\t\t\t<dt class='gallery-icon landscape'>\n\t\t\t\t<a href=\"https:\/\/ogv-wurmberg.de\/cms\/pfirsiche\/\" class=\"https:\/\/ogv-wurmberg.de\/cms\/wp-admin\/post.php?post=8101&amp;action=edit no-lightbox\"><img loading=\"lazy\" decoding=\"async\" width=\"150\" height=\"150\" src=\"https:\/\/ogv-wurmberg.de\/cms\/wp-content\/uploads\/2019\/08\/pfirsiche3-150x150.jpg\" class=\"attachment-thumbnail size-thumbnail\" alt=\"\" aria-describedby=\"gallery-2-8214\" srcset=\"https:\/\/ogv-wurmberg.de\/cms\/wp-content\/uploads\/2019\/08\/pfirsiche3-150x150.jpg 150w, https:\/\/ogv-wurmberg.de\/cms\/wp-content\/uploads\/2019\/08\/pfirsiche3-300x300.jpg 300w, https:\/\/ogv-wurmberg.de\/cms\/wp-content\/uploads\/2019\/08\/pfirsiche3-768x768.jpg 768w, https:\/\/ogv-wurmberg.de\/cms\/wp-content\/uploads\/2019\/08\/pfirsiche3-1024x1024.jpg 1024w, https:\/\/ogv-wurmberg.de\/cms\/wp-content\/uploads\/2019\/08\/pfirsiche3.jpg 1379w\" sizes=\"auto, (max-width: 150px) 100vw, 150px\" \/><\/a>\n\t\t\t<\/dt>\n\t\t\t\t<dd class='wp-caption-text gallery-caption' id='gallery-2-8214'>\n\t\t\t\tPfirsiche\n\t\t\t\t<\/dd><\/dl><dl class='gallery-item'>\n\t\t\t<dt class='gallery-icon landscape'>\n\t\t\t\t<a href=\"https:\/\/ogv-wurmberg.de\/cms\/pflaumen\/\" class=\"no-lightbox\"><img loading=\"lazy\" decoding=\"async\" width=\"150\" height=\"150\" src=\"https:\/\/ogv-wurmberg.de\/cms\/wp-content\/uploads\/2019\/08\/zwetschgenquad-150x150.jpg\" class=\"attachment-thumbnail size-thumbnail\" alt=\"\" aria-describedby=\"gallery-2-8115\" srcset=\"https:\/\/ogv-wurmberg.de\/cms\/wp-content\/uploads\/2019\/08\/zwetschgenquad-150x150.jpg 150w, https:\/\/ogv-wurmberg.de\/cms\/wp-content\/uploads\/2019\/08\/zwetschgenquad-300x300.jpg 300w, https:\/\/ogv-wurmberg.de\/cms\/wp-content\/uploads\/2019\/08\/zwetschgenquad-768x768.jpg 768w, https:\/\/ogv-wurmberg.de\/cms\/wp-content\/uploads\/2019\/08\/zwetschgenquad-1024x1024.jpg 1024w\" sizes=\"auto, (max-width: 150px) 100vw, 150px\" \/><\/a>\n\t\t\t<\/dt>\n\t\t\t\t<dd class='wp-caption-text gallery-caption' id='gallery-2-8115'>\n\t\t\t\tZwetschgen\n\t\t\t\t<\/dd><\/dl><br style=\"clear: both\" \/>\n\t\t<\/div>\n\r\n<p>&nbsp;<\/p>\r\n","protected":false},"excerpt":{"rendered":"<p>Als Steinobst bezeichnet man Baumfr\u00fcchte, die im Inneren verholzte Steine enthalten, z.B. Kirschen, Zwetschgen, Renekloden, Mirabellen, Aprikosen und Pfirsiche. Im Gegensatz zu Kernobst wie \u00c4pfel oder Birnen kann man unveredelte Steinobstb\u00e4ume auch aus Wurzelausl\u00e4ufern oder S\u00e4mlingen ziehen. Viele Sorten sind au\u00dferdem selbstfruchtbar. Dies reicht aber f\u00fcr einen hohen und sicheren Ertrag nicht aus. Ein pollenspendender [&hellip;]<\/p>\n","protected":false},"author":2,"featured_media":0,"parent":0,"menu_order":0,"comment_status":"closed","ping_status":"closed","template":"","meta":{"footnotes":""},"class_list":["post-8101","page","type-page","status-publish","hentry"],"_links":{"self":[{"href":"https:\/\/ogv-wurmberg.de\/cms\/wp-json\/wp\/v2\/pages\/8101","targetHints":{"allow":["GET"]}}],"collection":[{"href":"https:\/\/ogv-wurmberg.de\/cms\/wp-json\/wp\/v2\/pages"}],"about":[{"href":"https:\/\/ogv-wurmberg.de\/cms\/wp-json\/wp\/v2\/types\/page"}],"author":[{"embeddable":true,"href":"https:\/\/ogv-wurmberg.de\/cms\/wp-json\/wp\/v2\/users\/2"}],"replies":[{"embeddable":true,"href":"https:\/\/ogv-wurmberg.de\/cms\/wp-json\/wp\/v2\/comments?post=8101"}],"version-history":[{"count":35,"href":"https:\/\/ogv-wurmberg.de\/cms\/wp-json\/wp\/v2\/pages\/8101\/revisions"}],"predecessor-version":[{"id":8590,"href":"https:\/\/ogv-wurmberg.de\/cms\/wp-json\/wp\/v2\/pages\/8101\/revisions\/8590"}],"wp:attachment":[{"href":"https:\/\/ogv-wurmberg.de\/cms\/wp-json\/wp\/v2\/media?parent=8101"}],"curies":[{"name":"wp","href":"https:\/\/api.w.org\/{rel}","templated":true}]}}

<p>Als Steinobst bezeichnet man Baumfrüchte, die im Inneren verholzte Steine enthalten, z.B. Kirschen, Zwetschgen, Renekloden, Mirabellen, Aprikosen und Pfirsiche. Im Gegensatz zu Kernobst wie Äpfel oder Birnen kann man unveredelte Steinobstbäume auch aus Wurzelausläufern oder Sämlingen ziehen. Viele Sorten sind außerdem selbstfruchtbar. Dies reicht aber für einen hohen und sicheren Ertrag nicht aus. Ein pollenspendender Steinobstbaum in der Nähe und Insektenflug durch Wild-, Honigbienen und Hummeln während der Blütezeit steigern die Ernte ganz erheblich. Pflanzung und Schnitt erfolgen wie bei Kernobstbäumen (Ausnahme: Pfirsiche). Allerdings vertragen sie starke Rückschnitte nicht sehr gut. Deshalb schneidet man sie gern im Sommer bei der Ernte. Die Schnittstellen können dann bis zum Winter verheilen.</p>



<p><strong>Für weitere Details zum Anbau die entsprechenden Fotos anklicken!</strong></p>



<p class="wp-block-gallery-1 is-layout-flex wp-block-gallery-is-layout-flex"><div id='gallery-2' class='gallery galleryid-8101 gallery-columns-5 gallery-size-thumbnail'><dl class='gallery-item'>
			<dt class='gallery-icon landscape'>
				<a href="https://ogv-wurmberg.de/cms/kirschen/" class="no-lightbox"><img loading="lazy" decoding="async" width="150" height="150" src="https://ogv-wurmberg.de/cms/wp-content/uploads/2019/08/kirschenquad-150x150.jpg" class="attachment-thumbnail size-thumbnail" alt="" aria-describedby="gallery-2-8134" srcset="https://ogv-wurmberg.de/cms/wp-content/uploads/2019/08/kirschenquad-150x150.jpg 150w, https://ogv-wurmberg.de/cms/wp-content/uploads/2019/08/kirschenquad-300x300.jpg 300w, https://ogv-wurmberg.de/cms/wp-content/uploads/2019/08/kirschenquad-768x768.jpg 768w, https://ogv-wurmberg.de/cms/wp-content/uploads/2019/08/kirschenquad-1024x1024.jpg 1024w" sizes="auto, (max-width: 150px) 100vw, 150px" /></a>
			</dt>
				<dd class='wp-caption-text gallery-caption' id='gallery-2-8134'>
				Kirschen
				</dd></dl><dl class='gallery-item'>
			<dt class='gallery-icon landscape'>
				<a href="https://ogv-wurmberg.de/cms/mirabellen/" class="no-lightbox"><img loading="lazy" decoding="async" width="150" height="150" src="https://ogv-wurmberg.de/cms/wp-content/uploads/2019/08/mirabellenquad-150x150.jpg" class="attachment-thumbnail size-thumbnail" alt="" aria-describedby="gallery-2-8119" srcset="https://ogv-wurmberg.de/cms/wp-content/uploads/2019/08/mirabellenquad-150x150.jpg 150w, https://ogv-wurmberg.de/cms/wp-content/uploads/2019/08/mirabellenquad-300x300.jpg 300w, https://ogv-wurmberg.de/cms/wp-content/uploads/2019/08/mirabellenquad-768x768.jpg 768w, https://ogv-wurmberg.de/cms/wp-content/uploads/2019/08/mirabellenquad-1024x1024.jpg 1024w, https://ogv-wurmberg.de/cms/wp-content/uploads/2019/08/mirabellenquad.jpg 1788w" sizes="auto, (max-width: 150px) 100vw, 150px" /></a>
			</dt>
				<dd class='wp-caption-text gallery-caption' id='gallery-2-8119'>
				Mirabellen
				</dd></dl><dl class='gallery-item'>
			<dt class='gallery-icon landscape'>
				<a href="https://ogv-wurmberg.de/cms/renekloden/" class="no-lightbox"><img loading="lazy" decoding="async" width="150" height="150" src="https://ogv-wurmberg.de/cms/wp-content/uploads/2019/08/reneclodenquad2-150x150.jpg" class="attachment-thumbnail size-thumbnail" alt="" aria-describedby="gallery-2-8120" srcset="https://ogv-wurmberg.de/cms/wp-content/uploads/2019/08/reneclodenquad2-150x150.jpg 150w, https://ogv-wurmberg.de/cms/wp-content/uploads/2019/08/reneclodenquad2-300x300.jpg 300w, https://ogv-wurmberg.de/cms/wp-content/uploads/2019/08/reneclodenquad2-768x768.jpg 768w, https://ogv-wurmberg.de/cms/wp-content/uploads/2019/08/reneclodenquad2-1024x1024.jpg 1024w, https://ogv-wurmberg.de/cms/wp-content/uploads/2019/08/reneclodenquad2.jpg 1508w" sizes="auto, (max-width: 150px) 100vw, 150px" /></a>
			</dt>
				<dd class='wp-caption-text gallery-caption' id='gallery-2-8120'>
				Renekloden
				</dd></dl><dl class='gallery-item'>
			<dt class='gallery-icon landscape'>
				<a href="https://ogv-wurmberg.de/cms/pfirsiche/" class="https://ogv-wurmberg.de/cms/wp-admin/post.php?post=8101&amp;action=edit no-lightbox"><img loading="lazy" decoding="async" width="150" height="150" src="https://ogv-wurmberg.de/cms/wp-content/uploads/2019/08/pfirsiche3-150x150.jpg" class="attachment-thumbnail size-thumbnail" alt="" aria-describedby="gallery-2-8214" srcset="https://ogv-wurmberg.de/cms/wp-content/uploads/2019/08/pfirsiche3-150x150.jpg 150w, https://ogv-wurmberg.de/cms/wp-content/uploads/2019/08/pfirsiche3-300x300.jpg 300w, https://ogv-wurmberg.de/cms/wp-content/uploads/2019/08/pfirsiche3-768x768.jpg 768w, https://ogv-wurmberg.de/cms/wp-content/uploads/2019/08/pfirsiche3-1024x1024.jpg 1024w, https://ogv-wurmberg.de/cms/wp-content/uploads/2019/08/pfirsiche3.jpg 1379w" sizes="auto, (max-width: 150px) 100vw, 150px" /></a>
			</dt>
				<dd class='wp-caption-text gallery-caption' id='gallery-2-8214'>
				Pfirsiche
				</dd></dl><dl class='gallery-item'>
			<dt class='gallery-icon landscape'>
				<a href="https://ogv-wurmberg.de/cms/pflaumen/" class="no-lightbox"><img loading="lazy" decoding="async" width="150" height="150" src="https://ogv-wurmberg.de/cms/wp-content/uploads/2019/08/zwetschgenquad-150x150.jpg" class="attachment-thumbnail size-thumbnail" alt="" aria-describedby="gallery-2-8115" srcset="https://ogv-wurmberg.de/cms/wp-content/uploads/2019/08/zwetschgenquad-150x150.jpg 150w, https://ogv-wurmberg.de/cms/wp-content/uploads/2019/08/zwetschgenquad-300x300.jpg 300w, https://ogv-wurmberg.de/cms/wp-content/uploads/2019/08/zwetschgenquad-768x768.jpg 768w, https://ogv-wurmberg.de/cms/wp-content/uploads/2019/08/zwetschgenquad-1024x1024.jpg 1024w" sizes="auto, (max-width: 150px) 100vw, 150px" /></a>
			</dt>
				<dd class='wp-caption-text gallery-caption' id='gallery-2-8115'>
				Zwetschgen
				</dd></dl><br style="clear: both" />
		</div>

<p>&nbsp;</p>

<p>Als Steinobst bezeichnet man Baumfrüchte, die im Inneren verholzte Steine enthalten, z.B. Kirschen, Zwetschgen, Renekloden, Mirabellen, Aprikosen und Pfirsiche. Im Gegensatz zu Kernobst wie Äpfel oder Birnen kann man unveredelte Steinobstbäume auch aus Wurzelausläufern oder Sämlingen ziehen. Viele Sorten sind außerdem selbstfruchtbar. Dies reicht aber für einen hohen und sicheren Ertrag nicht aus. Ein pollenspendender [&hellip;]</p>
