{"id":8809,"date":"2020-02-25T21:28:53","date_gmt":"2020-02-25T20:28:53","guid":{"rendered":"https:\/\/ogv-wurmberg.de\/cms\/?page_id=8809"},"modified":"2020-02-25T21:39:15","modified_gmt":"2020-02-25T20:39:15","slug":"aktivitaeten-2020","status":"publish","type":"page","link":"https:\/\/ogv-wurmberg.de\/cms\/aktivitaeten-2020\/","title":{"rendered":"Aktivit\u00e4ten 2020"},"content":{"rendered":"<h4><em><strong>Winterschnittkurs des OGV Wurmberg<\/strong><\/em><\/h4>\n<p><a href=\"https:\/\/ogv-wurmberg.de\/cms\/wp-content\/uploads\/2020\/02\/aktivitaeten120.jpg\"><img loading=\"lazy\" decoding=\"async\" class=\"size-medium wp-image-8811 alignright\" src=\"https:\/\/ogv-wurmberg.de\/cms\/wp-content\/uploads\/2020\/02\/aktivitaeten120-300x169.jpg\" alt=\"\" width=\"300\" height=\"169\" srcset=\"https:\/\/ogv-wurmberg.de\/cms\/wp-content\/uploads\/2020\/02\/aktivitaeten120-300x169.jpg 300w, https:\/\/ogv-wurmberg.de\/cms\/wp-content\/uploads\/2020\/02\/aktivitaeten120-768x433.jpg 768w, https:\/\/ogv-wurmberg.de\/cms\/wp-content\/uploads\/2020\/02\/aktivitaeten120-1024x577.jpg 1024w\" sizes=\"auto, (max-width: 300px) 100vw, 300px\" \/><\/a>Am letzten Samstag, 15. 02. 2020, fand bei gutem Wetter und ertr\u00e4glichen Temperaturen der diesj\u00e4hrige Winterschnittkurs des Obst-und Gartenbauvereins Wurmberg unter der Leitung von Fachwart Herrn Achim Mayer statt. Dieser Kurs war mit 25 Interessierten gut besucht. Gezeigt wurde der Erhaltungs- und Pflegeschnitt f\u00fcr Halb- und Hochst\u00e4mme verschiedener Altersstufen. Herr Mayer favorisiert die Oeschbergkrone, einen naturgem\u00e4\u00dfen Kronenaufbau, bei der eine steilere Stellung der Leit\u00e4ste zum Prinzip wird. Dabei wird das Wachstum zunehmend beeinflusst und durch den Erziehungsschnitt eine gewisse Astrangordnung erhalten. Dazu werden auch \u00c4ste zu waagerechteren Frucht\u00e4sten gezogen und diese nur m\u00e4\u00dfig beschnitten.<a href=\"https:\/\/ogv-wurmberg.de\/cms\/wp-content\/uploads\/2020\/02\/aktivitaeten220.jpg\"><img loading=\"lazy\" decoding=\"async\" class=\"alignleft size-medium wp-image-8812\" src=\"https:\/\/ogv-wurmberg.de\/cms\/wp-content\/uploads\/2020\/02\/aktivitaeten220-300x169.jpg\" alt=\"\" width=\"300\" height=\"169\" srcset=\"https:\/\/ogv-wurmberg.de\/cms\/wp-content\/uploads\/2020\/02\/aktivitaeten220-300x169.jpg 300w, https:\/\/ogv-wurmberg.de\/cms\/wp-content\/uploads\/2020\/02\/aktivitaeten220-768x433.jpg 768w, https:\/\/ogv-wurmberg.de\/cms\/wp-content\/uploads\/2020\/02\/aktivitaeten220-1024x577.jpg 1024w\" sizes=\"auto, (max-width: 300px) 100vw, 300px\" \/><\/a> Dar\u00fcber referierte er anfangs sehr ausf\u00fchrlich und dann ging es an die Praxis, zu B\u00e4umen neben unserer Scheune, die vor drei Jahren zum letzten Male gepflegt worden waren. Es wurden ein Apfel- und ein Birnbaum fachm\u00e4nnisch von Herrn Mayer geschnitten, wobei er immer wieder erkl\u00e4rte, warum dies oder jenes \u00c4stchen weg musste. Nat\u00fcrlich konnten auch viele Fragen der Teilnehmer beantwortet werden. Nach gut 2\u00bd Stunden im Freien konnten sich anschlie\u00dfend alle bei dampfendem Kaffee und Brezeln auf dem Freigel\u00e4nde neben der Vereinsscheune des OGV Wurmberg wieder aufw\u00e4rmen und noch viele Erfahrungen austauschen. An dieser Stelle bedanken wir uns nochmals bei allen Teilnehmern und nat\u00fcrlich auch bei Herrn Mayer.<\/p>\n","protected":false},"excerpt":{"rendered":"<p>Winterschnittkurs des OGV Wurmberg Am letzten Samstag, 15. 02. 2020, fand bei gutem Wetter und ertr\u00e4glichen Temperaturen der diesj\u00e4hrige Winterschnittkurs des Obst-und Gartenbauvereins Wurmberg unter der Leitung von Fachwart Herrn Achim Mayer statt. Dieser Kurs war mit 25 Interessierten gut besucht. Gezeigt wurde der Erhaltungs- und Pflegeschnitt f\u00fcr Halb- und Hochst\u00e4mme verschiedener Altersstufen. Herr Mayer [&hellip;]<\/p>\n","protected":false},"author":2,"featured_media":0,"parent":0,"menu_order":0,"comment_status":"closed","ping_status":"closed","template":"","meta":{"footnotes":""},"class_list":["post-8809","page","type-page","status-publish","hentry"],"_links":{"self":[{"href":"https:\/\/ogv-wurmberg.de\/cms\/wp-json\/wp\/v2\/pages\/8809","targetHints":{"allow":["GET"]}}],"collection":[{"href":"https:\/\/ogv-wurmberg.de\/cms\/wp-json\/wp\/v2\/pages"}],"about":[{"href":"https:\/\/ogv-wurmberg.de\/cms\/wp-json\/wp\/v2\/types\/page"}],"author":[{"embeddable":true,"href":"https:\/\/ogv-wurmberg.de\/cms\/wp-json\/wp\/v2\/users\/2"}],"replies":[{"embeddable":true,"href":"https:\/\/ogv-wurmberg.de\/cms\/wp-json\/wp\/v2\/comments?post=8809"}],"version-history":[{"count":3,"href":"https:\/\/ogv-wurmberg.de\/cms\/wp-json\/wp\/v2\/pages\/8809\/revisions"}],"predecessor-version":[{"id":8814,"href":"https:\/\/ogv-wurmberg.de\/cms\/wp-json\/wp\/v2\/pages\/8809\/revisions\/8814"}],"wp:attachment":[{"href":"https:\/\/ogv-wurmberg.de\/cms\/wp-json\/wp\/v2\/media?parent=8809"}],"curies":[{"name":"wp","href":"https:\/\/api.w.org\/{rel}","templated":true}]}}

Aktivitäten 2020

<h4><em><strong>Winterschnittkurs des OGV Wurmberg</strong></em></h4>
<p><a href="https://ogv-wurmberg.de/cms/wp-content/uploads/2020/02/aktivitaeten120.jpg"><img loading="lazy" decoding="async" class="size-medium wp-image-8811 alignright" src="https://ogv-wurmberg.de/cms/wp-content/uploads/2020/02/aktivitaeten120-300x169.jpg" alt="" width="300" height="169" srcset="https://ogv-wurmberg.de/cms/wp-content/uploads/2020/02/aktivitaeten120-300x169.jpg 300w, https://ogv-wurmberg.de/cms/wp-content/uploads/2020/02/aktivitaeten120-768x433.jpg 768w, https://ogv-wurmberg.de/cms/wp-content/uploads/2020/02/aktivitaeten120-1024x577.jpg 1024w" sizes="auto, (max-width: 300px) 100vw, 300px" /></a>Am letzten Samstag, 15. 02. 2020, fand bei gutem Wetter und erträglichen Temperaturen der diesjährige Winterschnittkurs des Obst-und Gartenbauvereins Wurmberg unter der Leitung von Fachwart Herrn Achim Mayer statt. Dieser Kurs war mit 25 Interessierten gut besucht. Gezeigt wurde der Erhaltungs- und Pflegeschnitt für Halb- und Hochstämme verschiedener Altersstufen. Herr Mayer favorisiert die Oeschbergkrone, einen naturgemäßen Kronenaufbau, bei der eine steilere Stellung der Leitäste zum Prinzip wird. Dabei wird das Wachstum zunehmend beeinflusst und durch den Erziehungsschnitt eine gewisse Astrangordnung erhalten. Dazu werden auch Äste zu waagerechteren Fruchtästen gezogen und diese nur mäßig beschnitten.<a href="https://ogv-wurmberg.de/cms/wp-content/uploads/2020/02/aktivitaeten220.jpg"><img loading="lazy" decoding="async" class="alignleft size-medium wp-image-8812" src="https://ogv-wurmberg.de/cms/wp-content/uploads/2020/02/aktivitaeten220-300x169.jpg" alt="" width="300" height="169" srcset="https://ogv-wurmberg.de/cms/wp-content/uploads/2020/02/aktivitaeten220-300x169.jpg 300w, https://ogv-wurmberg.de/cms/wp-content/uploads/2020/02/aktivitaeten220-768x433.jpg 768w, https://ogv-wurmberg.de/cms/wp-content/uploads/2020/02/aktivitaeten220-1024x577.jpg 1024w" sizes="auto, (max-width: 300px) 100vw, 300px" /></a> Darüber referierte er anfangs sehr ausführlich und dann ging es an die Praxis, zu Bäumen neben unserer Scheune, die vor drei Jahren zum letzten Male gepflegt worden waren. Es wurden ein Apfel- und ein Birnbaum fachmännisch von Herrn Mayer geschnitten, wobei er immer wieder erklärte, warum dies oder jenes Ästchen weg musste. Natürlich konnten auch viele Fragen der Teilnehmer beantwortet werden. Nach gut 2½ Stunden im Freien konnten sich anschließend alle bei dampfendem Kaffee und Brezeln auf dem Freigelände neben der Vereinsscheune des OGV Wurmberg wieder aufwärmen und noch viele Erfahrungen austauschen. An dieser Stelle bedanken wir uns nochmals bei allen Teilnehmern und natürlich auch bei Herrn Mayer.</p>

<p>Winterschnittkurs des OGV Wurmberg Am letzten Samstag, 15. 02. 2020, fand bei gutem Wetter und erträglichen Temperaturen der diesjährige Winterschnittkurs des Obst-und Gartenbauvereins Wurmberg unter der Leitung von Fachwart Herrn Achim Mayer statt. Dieser Kurs war mit 25 Interessierten gut besucht. Gezeigt wurde der Erhaltungs- und Pflegeschnitt für Halb- und Hochstämme verschiedener Altersstufen. Herr Mayer [&hellip;]</p>
