{"id":9067,"date":"2021-04-08T21:08:24","date_gmt":"2021-04-08T19:08:24","guid":{"rendered":"https:\/\/ogv-wurmberg.de\/cms\/?page_id=9067"},"modified":"2021-09-17T22:49:29","modified_gmt":"2021-09-17T20:49:29","slug":"termine-2021","status":"publish","type":"page","link":"https:\/\/ogv-wurmberg.de\/cms\/termine-2021\/","title":{"rendered":"Termine 2021"},"content":{"rendered":"<p>Aufgelistet sind hier die diesj\u00e4hrigen Veranstaltungen, deren Termin bereits fest steht. Sobald weitere hinzukommen, werden sie zus\u00e4tzlich unten aufgef\u00fchrt.<\/p>\n<hr \/>\n<ul>\n<li>\n<h3>\u00a0Unsere<strong> Jahreshauptversammlung<\/strong><u><b><br \/>\n<\/b><\/u><\/h3>\n<\/li>\n<\/ul>\n<p>findet am<i><b> Freitag,den 1. Oktober 2021 um 19.00 Uhr<\/b><\/i> im Gasthaus Adler in Wurmberg statt. Dazu sind alle Mitglieder herzlich eingeladen.<\/p>\n<ul>\n<li>\n<h3><strong> Obstba<\/strong><strong>umaktion<\/strong><em><strong><br \/>\n<\/strong><\/em><\/h3>\n<\/li>\n<\/ul>\n<p>die Bestellung der Obstb\u00e4ume (<strong><em><a href=\"https:\/\/ogv-wurmberg.de\/cms\/wp-content\/uploads\/2021\/09\/Bestellschein.pdf\">Bestellschein<\/a><\/em><\/strong>) ist noch bis <strong>Samstag, den 25. September 2021<\/strong> m\u00f6glich. Der Komplettpreis samt Pfosten, Verbissschutz, Kokosschnur und W\u00fchlmausschutz betr\u00e4gt 29,50 \u20ac je Hochstamm und 27,50 \u20ac je Halbstamm, abz\u00fcglich 10 \u20ac F\u00f6rderung durch die Gemeinde Wurmberg. Die Ausgabe der bestellten Obstb\u00e4ume mit Zubeh\u00f6r wird am<em><strong> Samstag, den 13. November 2021 von 9.00 bis 13.00 Uhr<\/strong><\/em>\u00a0 in der OGV Scheune erfolgen <em>(bitte beachten Sie hierzu die Informationen im Amts- und Mitteilungsblatt)<\/em>.<\/p>\n","protected":false},"excerpt":{"rendered":"<p>Aufgelistet sind hier die diesj\u00e4hrigen Veranstaltungen, deren Termin bereits fest steht. Sobald weitere hinzukommen, werden sie zus\u00e4tzlich unten aufgef\u00fchrt. \u00a0Unsere Jahreshauptversammlung findet am Freitag,den 1. Oktober 2021 um 19.00 Uhr im Gasthaus Adler in Wurmberg statt. Dazu sind alle Mitglieder herzlich eingeladen. Obstbaumaktion die Bestellung der Obstb\u00e4ume (Bestellschein) ist noch bis Samstag, den 25. September [&hellip;]<\/p>\n","protected":false},"author":3,"featured_media":0,"parent":0,"menu_order":0,"comment_status":"closed","ping_status":"closed","template":"","meta":{"footnotes":""},"class_list":["post-9067","page","type-page","status-publish","hentry"],"_links":{"self":[{"href":"https:\/\/ogv-wurmberg.de\/cms\/wp-json\/wp\/v2\/pages\/9067","targetHints":{"allow":["GET"]}}],"collection":[{"href":"https:\/\/ogv-wurmberg.de\/cms\/wp-json\/wp\/v2\/pages"}],"about":[{"href":"https:\/\/ogv-wurmberg.de\/cms\/wp-json\/wp\/v2\/types\/page"}],"author":[{"embeddable":true,"href":"https:\/\/ogv-wurmberg.de\/cms\/wp-json\/wp\/v2\/users\/3"}],"replies":[{"embeddable":true,"href":"https:\/\/ogv-wurmberg.de\/cms\/wp-json\/wp\/v2\/comments?post=9067"}],"version-history":[{"count":7,"href":"https:\/\/ogv-wurmberg.de\/cms\/wp-json\/wp\/v2\/pages\/9067\/revisions"}],"predecessor-version":[{"id":9080,"href":"https:\/\/ogv-wurmberg.de\/cms\/wp-json\/wp\/v2\/pages\/9067\/revisions\/9080"}],"wp:attachment":[{"href":"https:\/\/ogv-wurmberg.de\/cms\/wp-json\/wp\/v2\/media?parent=9067"}],"curies":[{"name":"wp","href":"https:\/\/api.w.org\/{rel}","templated":true}]}}