{"id":9160,"date":"2026-03-10T18:50:59","date_gmt":"2026-03-10T17:50:59","guid":{"rendered":"https:\/\/ogv-wurmberg.de\/cms\/?page_id=9160"},"modified":"2026-03-10T18:52:43","modified_gmt":"2026-03-10T17:52:43","slug":"asiatische-hornisse","status":"publish","type":"page","link":"https:\/\/ogv-wurmberg.de\/cms\/asiatische-hornisse\/","title":{"rendered":"Asiatische Hornisse"},"content":{"rendered":"<p>In den letzten Jahren hat sich die Asiatische Hornisse als invasive, nicht<br \/>\neinheimische Art auch im Enzkreis ausgebreitet. Sie jagt bevorzugt<br \/>\nHonigbienen, greift jedoch auch zahlreiche andere Insektenarten, wie z.B.<br \/>\nWildbienen, an. Diese Art stellt somit eine Bedrohung nicht nur f\u00fcr die<br \/>\nImkerei, sondern auch f\u00fcr den Obst- und Weinbau dar.<br \/>\nBereits in den ersten w\u00e4rmeren Sp\u00e4twintertagen fliegen die K\u00f6niginnen aus.<br \/>\nSie bauen im Fr\u00fchjahr an Holzstapeln, in Schuppen oder B\u00fcschen ihr erstes<br \/>\nNest. Jetzt besteht noch die M\u00f6glichkeit, durch das Auffinden und Entfernen<br \/>\nder Prim\u00e4rnester sowie durch das Abfangen und T\u00f6ten von K\u00f6niginnen<br \/>\neinzugreifen.<br \/>\nHierbei unterst\u00fctzen Sie Freiwillige des Bezirksbienenz\u00fcchtervereins Mittlere<br \/>\nEnz. Auf seiner Homepage (<a href=\"https:\/\/www.bvmittlereenz.de\/vespa-velutina\">https:\/\/www.bvmittlereenz.de\/vespa-velutina<\/a>)<br \/>\nwerden die \u00f6rtlichen Ansprechpartner aufgef\u00fchrt, die Hilfe bei der korrekten<br \/>\nBestimmung der Asiatischen Hornisse und Entfernung der<br \/>\nPrim\u00e4rnestentfernung anbieten. Es d\u00fcrfen nat\u00fcrlich keine einheimischen,<br \/>\ngesch\u00fctzten Wildbienen, Wespen und Hornissen in blindem Eifer get\u00f6tet<br \/>\nwerden.<br \/>\nAuf der Homepage der Universit\u00e4t Hohenheim<br \/>\n(<a href=\"https:\/\/bienenkunde.uni-hohenheim.de\/vespavelutina-meldeplattform\">https:\/\/bienenkunde.uni-hohenheim.de\/vespavelutina-meldeplattform<\/a>) werden<br \/>\nNestbek\u00e4mpfer f\u00fcr ganz Baden-W\u00fcrttemberg aufgef\u00fchrt. Hier gibt es auch weitere<br \/>\nInformationen zur Biologie der Asiatischen Hornisse.<br \/>\nIm Laufe des Sommers baut die Asiatische Hornisse ihr gro\u00dfes<br \/>\nSekund\u00e4rnest meist in hohen B\u00e4umen.<\/p>\n<p>G\u00e4rtner und St\u00fccklesbesitzer sind aufgefordert, bei ihren Fr\u00fchjahrsarbeiten<br \/>\ndie Augen offen zu halten, die Insektenwelt aufmerksam zu beobachten und<br \/>\nbei Sichtung einer Vespa velutina einzugreifen und sich gegebenenfalls an<br \/>\neinen der Sachverst\u00e4ndigen zu wenden.<\/p>\n<p><a href=\"https:\/\/ogv-wurmberg.de\/cms\/wp-content\/uploads\/2026\/03\/Bestimmungskarte_Vespa_velutina.pdf\">Bestimmungskarte_Vespa_velutina<\/a> <a href=\"https:\/\/ogv-wurmberg.de\/cms\/wp-content\/uploads\/2026\/03\/Info_Asiat-Hornisse.pdf\">Info_Asiat-Hornisse<\/a><\/p>\n","protected":false},"excerpt":{"rendered":"<p>In den letzten Jahren hat sich die Asiatische Hornisse als invasive, nicht einheimische Art auch im Enzkreis ausgebreitet. Sie jagt bevorzugt Honigbienen, greift jedoch auch zahlreiche andere Insektenarten, wie z.B. Wildbienen, an. Diese Art stellt somit eine Bedrohung nicht nur f\u00fcr die Imkerei, sondern auch f\u00fcr den Obst- und Weinbau dar. Bereits in den ersten [&hellip;]<\/p>\n","protected":false},"author":6,"featured_media":0,"parent":0,"menu_order":0,"comment_status":"closed","ping_status":"closed","template":"","meta":{"footnotes":""},"class_list":["post-9160","page","type-page","status-publish","hentry"],"_links":{"self":[{"href":"https:\/\/ogv-wurmberg.de\/cms\/wp-json\/wp\/v2\/pages\/9160","targetHints":{"allow":["GET"]}}],"collection":[{"href":"https:\/\/ogv-wurmberg.de\/cms\/wp-json\/wp\/v2\/pages"}],"about":[{"href":"https:\/\/ogv-wurmberg.de\/cms\/wp-json\/wp\/v2\/types\/page"}],"author":[{"embeddable":true,"href":"https:\/\/ogv-wurmberg.de\/cms\/wp-json\/wp\/v2\/users\/6"}],"replies":[{"embeddable":true,"href":"https:\/\/ogv-wurmberg.de\/cms\/wp-json\/wp\/v2\/comments?post=9160"}],"version-history":[{"count":4,"href":"https:\/\/ogv-wurmberg.de\/cms\/wp-json\/wp\/v2\/pages\/9160\/revisions"}],"predecessor-version":[{"id":9166,"href":"https:\/\/ogv-wurmberg.de\/cms\/wp-json\/wp\/v2\/pages\/9160\/revisions\/9166"}],"wp:attachment":[{"href":"https:\/\/ogv-wurmberg.de\/cms\/wp-json\/wp\/v2\/media?parent=9160"}],"curies":[{"name":"wp","href":"https:\/\/api.w.org\/{rel}","templated":true}]}}